{"id":36108,"date":"2025-01-16T14:12:17","date_gmt":"2025-01-16T14:12:17","guid":{"rendered":"https:\/\/proludik.com\/montreal-fr\/?page_id=36108"},"modified":"2025-01-16T14:53:40","modified_gmt":"2025-01-16T14:53:40","slug":"pfp-2","status":"publish","type":"page","link":"https:\/\/proludik.com\/montreal-fr\/pfp-2\/","title":{"rendered":"pfp"},"content":{"rendered":"\t\t<div data-elementor-type=\"wp-page\" data-elementor-id=\"36108\" class=\"elementor elementor-36108\" data-elementor-post-type=\"page\">\n\t\t\t\t\t\t<section class=\"elementor-section elementor-top-section elementor-element elementor-element-7d81b69 elementor-section-boxed elementor-section-height-default elementor-section-height-default\" data-id=\"7d81b69\" data-element_type=\"section\" data-e-type=\"section\">\n\t\t\t\t\t\t<div class=\"elementor-container elementor-column-gap-default\">\n\t\t\t\t\t<div class=\"elementor-column elementor-col-33 elementor-top-column elementor-element elementor-element-0675fb9\" data-id=\"0675fb9\" data-element_type=\"column\" data-e-type=\"column\">\n\t\t\t<div class=\"elementor-widget-wrap elementor-element-populated\">\n\t\t\t\t\t\t<div class=\"elementor-element elementor-element-753c074 elementor-widget elementor-widget-image\" data-id=\"753c074\" data-element_type=\"widget\" data-e-type=\"widget\" data-widget_type=\"image.default\">\n\t\t\t\t<div class=\"elementor-widget-container\">\n\t\t\t\t\t\t\t\t\t\t\t\t\t\t\t<img fetchpriority=\"high\" decoding=\"async\" width=\"1024\" height=\"934\" src=\"https:\/\/proludik.com\/montreal-fr\/wp-content\/uploads\/sites\/4\/2025\/01\/logo-pfp-1024x934.jpg\" class=\"attachment-large size-large wp-image-36122\" alt=\"programme fidelite proludik\" srcset=\"https:\/\/proludik.com\/montreal-fr\/wp-content\/uploads\/sites\/4\/2025\/01\/logo-pfp-1024x934.jpg 1024w, https:\/\/proludik.com\/montreal-fr\/wp-content\/uploads\/sites\/4\/2025\/01\/logo-pfp-300x274.jpg 300w, https:\/\/proludik.com\/montreal-fr\/wp-content\/uploads\/sites\/4\/2025\/01\/logo-pfp-768x700.jpg 768w, https:\/\/proludik.com\/montreal-fr\/wp-content\/uploads\/sites\/4\/2025\/01\/logo-pfp.jpg 1100w\" sizes=\"(max-width: 1024px) 100vw, 1024px\" \/>\t\t\t\t\t\t\t\t\t\t\t\t\t\t\t<\/div>\n\t\t\t\t<\/div>\n\t\t\t\t\t<\/div>\n\t\t<\/div>\n\t\t\t\t<div class=\"elementor-column elementor-col-66 elementor-top-column elementor-element elementor-element-fd23242\" data-id=\"fd23242\" data-element_type=\"column\" data-e-type=\"column\">\n\t\t\t<div class=\"elementor-widget-wrap elementor-element-populated\">\n\t\t\t\t\t\t<div class=\"elementor-element elementor-element-01fe09c elementor-widget elementor-widget-text-editor\" data-id=\"01fe09c\" data-element_type=\"widget\" data-e-type=\"widget\" data-widget_type=\"text-editor.default\">\n\t\t\t\t<div class=\"elementor-widget-container\">\n\t\t\t\t\t\t\t\t\t<p>Chez Proludik, nous nous engageons \u00e0 demeurer la r\u00e9f\u00e9rence dans notre domaine. Cette ann\u00e9e, nous avons lanc\u00e9 un programme de r\u00e9compense pour exprimer notre gratitude envers nos pr\u00e9cieux clients.<\/p><p>Nous avons nomm\u00e9 ce programme le Programme Fid\u00e9lit\u00e9 Proludik (P.F.P.). Tout au long de l&#8217;ann\u00e9e 2025, vous pourrez accumuler des cr\u00e9dits\/dollars sans effort. 10 % de la valeur de chacun de vos contrats sera converti en cr\u00e9dit, applicable sur vos locations de 2026.<\/p><p>Les montants seront cumulables pour l&#8217;ensemble de vos contrats de 2025. Vous pourrez ainsi r\u00e9aliser des activit\u00e9s \u00e0 moindre co\u00fbt, avec plus d&#8217;\u00e9quipements, ou m\u00eame cr\u00e9er de nouveaux \u00e9v\u00e9nements pour 2026.<\/p>\t\t\t\t\t\t\t\t<\/div>\n\t\t\t\t<\/div>\n\t\t\t\t<div class=\"elementor-element elementor-element-954850d elementor-widget elementor-widget-text-editor\" data-id=\"954850d\" data-element_type=\"widget\" data-e-type=\"widget\" data-widget_type=\"text-editor.default\">\n\t\t\t\t<div class=\"elementor-widget-container\">\n\t\t\t\t\t\t\t\t\t<p>Le montant de 10% est calcul\u00e9 en fin d\u2019ann\u00e9e (en fonction des ajustements) et est applicable sur le sous-total de votre contrat<br \/>(exclus frais de transport et taxes)<\/p><p>Promotion valide sur les contrats de location seulement<\/p><p>Tous les contrats doivent \u00eatre pay\u00e9s en entier avant le 31 d\u00e9cembre 2025 pour \u00eatre admissibles<\/p><p>Les montants accumul\u00e9s en 2025 doivent \u00eatre utilis\u00e9s en 2026 (non-reportable \u00e0 une autre ann\u00e9e) et sont non transf\u00e9rables<\/p>\t\t\t\t\t\t\t\t<\/div>\n\t\t\t\t<\/div>\n\t\t\t\t\t<\/div>\n\t\t<\/div>\n\t\t\t\t\t<\/div>\n\t\t<\/section>\n\t\t\t\t<section class=\"elementor-section elementor-top-section elementor-element elementor-element-6b87584 elementor-section-boxed elementor-section-height-default elementor-section-height-default\" data-id=\"6b87584\" data-element_type=\"section\" data-e-type=\"section\">\n\t\t\t\t\t\t<div class=\"elementor-container elementor-column-gap-default\">\n\t\t\t\t\t<div class=\"elementor-column elementor-col-100 elementor-top-column elementor-element elementor-element-a0149e8\" data-id=\"a0149e8\" data-element_type=\"column\" data-e-type=\"column\">\n\t\t\t<div class=\"elementor-widget-wrap elementor-element-populated\">\n\t\t\t\t\t\t<div class=\"elementor-element elementor-element-41eac2f elementor-widget elementor-widget-image\" data-id=\"41eac2f\" data-element_type=\"widget\" data-e-type=\"widget\" data-widget_type=\"image.default\">\n\t\t\t\t<div class=\"elementor-widget-container\">\n\t\t\t\t\t\t\t\t\t\t\t\t\t\t\t<img decoding=\"async\" width=\"1981\" height=\"1321\" src=\"https:\/\/proludik.com\/montreal-fr\/wp-content\/uploads\/sites\/4\/2025\/01\/simple.jpg\" class=\"attachment-full size-full wp-image-36134\" alt=\"\" srcset=\"https:\/\/proludik.com\/montreal-fr\/wp-content\/uploads\/sites\/4\/2025\/01\/simple.jpg 1981w, https:\/\/proludik.com\/montreal-fr\/wp-content\/uploads\/sites\/4\/2025\/01\/simple-300x200.jpg 300w, https:\/\/proludik.com\/montreal-fr\/wp-content\/uploads\/sites\/4\/2025\/01\/simple-1024x683.jpg 1024w, https:\/\/proludik.com\/montreal-fr\/wp-content\/uploads\/sites\/4\/2025\/01\/simple-768x512.jpg 768w, https:\/\/proludik.com\/montreal-fr\/wp-content\/uploads\/sites\/4\/2025\/01\/simple-1536x1024.jpg 1536w\" sizes=\"(max-width: 1981px) 100vw, 1981px\" \/>\t\t\t\t\t\t\t\t\t\t\t\t\t\t\t<\/div>\n\t\t\t\t<\/div>\n\t\t\t\t\t<\/div>\n\t\t<\/div>\n\t\t\t\t\t<\/div>\n\t\t<\/section>\n\t\t\t\t<section class=\"elementor-section elementor-top-section elementor-element elementor-element-c42ea78 elementor-section-boxed elementor-section-height-default elementor-section-height-default\" data-id=\"c42ea78\" data-element_type=\"section\" data-e-type=\"section\">\n\t\t\t\t\t\t<div class=\"elementor-container elementor-column-gap-default\">\n\t\t\t\t\t<div class=\"elementor-column elementor-col-100 elementor-top-column elementor-element elementor-element-6ac767a\" data-id=\"6ac767a\" data-element_type=\"column\" data-e-type=\"column\">\n\t\t\t<div class=\"elementor-widget-wrap\">\n\t\t\t\t\t\t\t<\/div>\n\t\t<\/div>\n\t\t\t\t\t<\/div>\n\t\t<\/section>\n\t\t\t\t<section class=\"elementor-section elementor-top-section elementor-element elementor-element-dfb1298 elementor-section-boxed elementor-section-height-default elementor-section-height-default\" data-id=\"dfb1298\" data-element_type=\"section\" data-e-type=\"section\">\n\t\t\t\t\t\t<div class=\"elementor-container elementor-column-gap-default\">\n\t\t\t\t\t<div class=\"elementor-column elementor-col-100 elementor-top-column elementor-element elementor-element-4923207\" data-id=\"4923207\" data-element_type=\"column\" data-e-type=\"column\">\n\t\t\t<div class=\"elementor-widget-wrap\">\n\t\t\t\t\t\t\t<\/div>\n\t\t<\/div>\n\t\t\t\t\t<\/div>\n\t\t<\/section>\n\t\t\t\t<\/div>\n\t\t","protected":false},"excerpt":{"rendered":"Chez Proludik, nous nous engageons \u00e0 demeurer la r\u00e9f\u00e9rence dans notre domaine. Cette ann\u00e9e, nous avons lanc\u00e9 un programme de r\u00e9compense pour exprimer notre gratitude envers nos pr\u00e9cieux clients.Nous avons nomm\u00e9 ce programme le Programme Fid\u00e9lit\u00e9 Proludik (P.F.P.). Tout au long de l&#8217;ann\u00e9e 2025, vous pourrez accumuler des cr\u00e9dits\/dollars sans effort. 10 % de la [&hellip;]","protected":false},"author":1,"featured_media":0,"parent":0,"menu_order":0,"comment_status":"closed","ping_status":"closed","template":"","meta":{"ngg_post_thumbnail":0,"io_meta_description":"","footnotes":""},"class_list":["post-36108","page","type-page","status-publish","hentry"],"_links":{"self":[{"href":"https:\/\/proludik.com\/montreal-fr\/wp-json\/wp\/v2\/pages\/36108","targetHints":{"allow":["GET"]}}],"collection":[{"href":"https:\/\/proludik.com\/montreal-fr\/wp-json\/wp\/v2\/pages"}],"about":[{"href":"https:\/\/proludik.com\/montreal-fr\/wp-json\/wp\/v2\/types\/page"}],"author":[{"embeddable":true,"href":"https:\/\/proludik.com\/montreal-fr\/wp-json\/wp\/v2\/users\/1"}],"replies":[{"embeddable":true,"href":"https:\/\/proludik.com\/montreal-fr\/wp-json\/wp\/v2\/comments?post=36108"}],"version-history":[{"count":20,"href":"https:\/\/proludik.com\/montreal-fr\/wp-json\/wp\/v2\/pages\/36108\/revisions"}],"predecessor-version":[{"id":36158,"href":"https:\/\/proludik.com\/montreal-fr\/wp-json\/wp\/v2\/pages\/36108\/revisions\/36158"}],"wp:attachment":[{"href":"https:\/\/proludik.com\/montreal-fr\/wp-json\/wp\/v2\/media?parent=36108"}],"curies":[{"name":"wp","href":"https:\/\/api.w.org\/{rel}","templated":true}]}}